-60 + 65. Let j be k(o). Give b(j).
-1
Let h = -81 + 51. Let q be ((-10)/h)/(2/12). Let k(b) = 3*b - 6 + 1 - b**q + 3 + 3. Give k(3).
1
Let o(m) = -2*m + 1. Let f(u) = -u**2 + 8*u - 8. Let b be f(6). Let v(x) = -x**2 + 4 - 1 + 2 - b*x. Let k be v(-4). Give o(k).
-9
Suppose 5*y + 16 = 31. Let z(d) = d + 8. Let o(j) = -2*j - 24. Let c(r) = y*o(r) + 8*z(r). Suppose 4*h + 1 = -5*n, 3*h - 4 + 1 = -3*n. Calculate c(h).
4
Suppose d - 21 = 10. Suppose 4*l + d = -3*w, -2*l + 8 = 3*w + 31. Let k(s) = -s**3 - 6*s**2 - 7*s + 2. What is k(w)?
12
Suppose -2*f = f + 9. Let b be 3 - 3 - (1 + (-4)/(-2)). Let s = b + f. Let l(i) = i**3 + 7*i**2 + 7*i + 2. What is l(s)?
-4
Let i = 15 - 12. Suppose -2*p + p + i = 0. Let r(l) = 5*l**2 - 3*l - l**p - 3*l + 2 - 4 + 3. Calculate r(4).
-7
Suppose -10*h + 101 - 21 = 0. Let t(f) = f**2 - 11*f + 2. Determine t(h).
-22
Let m(k) = -2*k**3 + 15*k**2 - 3*k - 10. Let z(y) = -5*y**3 + 44*y**2 - 9*y - 29. Let h(v) = 8*m(v) - 3*z(v). Determine h(-12).
-29
Let v(u) = -28*u**2 - 28*u - 8. Let k(n) = -13*n**2 - 14*n - 4. Let c(w) = -13*k(w) + 6*v(w). Give c(-14).
4
Let t(a) be the third derivative of -a**5/60 - a**4/12 + a**3/6 - 153*a**2. Determine t(-2).
1
Let s(z) = 7*z**3 + 2*z**2 + z. Let u be s(-1). Let r = u - -6. Let h(v) = -2 + v**3 - v**2 + 2 + 8 + 2. What is h(r)?
10
Suppose 72*c + 104 = 76*c. Let u(r) = c - 18 + r**2 - 9 + 2*r. Calculate u(2).
7
Let m = 4 - -2. Suppose -m + 3 = -h. Let k(o) be the first derivative of o**2/2 - 3*o - 1374. Calculate k(h).
0
Let h(q) = -3*q + 3. Let y be 2 + (-3 + 1 - (7 - 9)). Determine h(y).
-3
Let u(g) be the third derivative of -g**4/24 + 6*g**2. Let r be 62/10 - 3/15. Let b(f) = f. Let l(m) = r*u(m) + 5*b(m). Calculate l(3).
-3
Let y = 1759 - 1743. Let h(f) = -f**2 + 14*f + 38. Determine h(y).
6
Suppose 0 = 61*c + c - 62. Let g(x) = -2*x**3 - 2*x**2 + 1. What is g(c)?
-3
Let k = -7 - -4. Let u = 1 - k. Let w(j) = 2*j + 1 + 4*j**2 - j**3 + 4 - 1. Calculate w(u).
12
Let n(t) = 13 + 8*t**2 - 297*t**3 - 4*t**2 + 5*t + 296*t**3. Determine n(6).
-29
Let p = -2066 - -2068. Let s(r) = 5*r**3 + 3*r**2 - 4*r + 2. Calculate s(p).
46
Let k(b) be the second derivative of -b**4/12 + b**3/6 - 2*b**2 + 102*b. Let m be (-3)/9 + (-2)/(-6). Give k(m).
-4
Let y(h) = 7*h - 4 + 5*h**2 + 232568*h**3 - 11*h**2 - 232567*h**3. Let i be (1 - 3)/(6/(-15)). What is y(i)?
6
Let i(c) = c**2 - 12*c + 3. Let b be i(12). Let u(d) = d - 2. Let f be u(b). Let l(n) = f - 4 - 5*n + n - 2*n**2 + 3*n**2. Give l(4).
-3
Let y = 4 + 0. Let c be (-6)/y*8/6. Let p(g) = -2*g**2 - 4825621 - g**3 + 4825620 + 9*g - 8*g. Determine p(c).
-3
Let z be 5 + 1 + -2*(-6)/12. Let l(a) = a**2 - 9*a + 10. What is l(z)?
-4
Suppose -15*y + 12 + 48 = 0. Let f = 2 + -2. Suppose 0 = 2*s - 4*k - 8, 5*s - 2*k + y = -f*k. Let d(m) = -m**3 - m**2 + 3*m + 2. What is d(s)?
0
Let f(v) = -v**2 - 6*v - 6. Let i be f(-4). Let k(l) = -i + l - 9 + 13. Let y = -3 - 4. Calculate k(y).
-5
Let p(s) = 1566*s**2 + 1575*s**2 - 3143*s**2 + 4*s + 10*s - 15. Give p(6).
-3
Let a(p) = p**3 - 3*p**2 - 7*p - 2. Suppose -15 = -3*f - 4*g, -9*f + 8*f - 4*g + 5 = 0. Calculate a(f).
13
Let k(u) be the first derivative of u**4/4 - 2*u**3 + u**2/2 - 3*u + 24. Let w = -14 + 19. Give k(w).
-23
Let o(m) = 2*m + 1. Let q(h) = 17*h + 5. Let y(c) = 5*o(c) - q(c). What is y(-2)?
14
Suppose 10*m - 12*m + 8 = 0. Let y(h) = -4*h - 5. Give y(m).
-21
Let s(a) = -8*a**2 + 10*a - 6. Let i(l) = 23*l**2 - 29*l + 17. Let h(d) = 6*i(d) + 17*s(d). Give h(4).
16
Let j(p) = 4*p + 15. Suppose -2*z - 455 + 435 = 0. Determine j(z).
-25
Let p(b) be the second derivative of -b**4/12 - 5*b**3/6 - b**2 - 116*b. What is p(-3)?
4
Suppose -3*i - 9 = 4*n, 2*n = 5*i - 5 - 6. Let l(c) = 5 - i + 4*c - 5. Let d = -79 - -83. Determine l(d).
15
Suppose -4*t + t = 0. Let a(m) = m**2 + m - 2. Let s(n) = -1. Suppose -8 = c - 14. Let i(y) = c*s(y) + a(y). Give i(t).
-8
Let j(m) = m**3 - 7*m**2 + 5*m + 3. Let w(k) = -k**2 + k + 4. Let o be w(0). Let b(i) = i**2 - 3*i - 4. Let x be b(o). Suppose 5*q + x*q - 30 = 0. What is j(q)?
-3
Let f(k) = 27*k**3 - 29*k**2 - 29*k - 9. Let t(i) = -5*i**3 + 6*i**2 + 6*i + 2. Let a(y) = 2*f(y) + 11*t(y). Give a(9).
-5
Let n(i) be the first derivative of i - 1/3*i**3 + 34 - 2*i**2. Let o(a) = -a**3 + 4*a**2 - 2*a + 6. Let f be o(4). Determine n(f).
5
Let b(n) be the third derivative of n**6/120 - n**5/60 - n**4/24 - n**3 - 8*n**2 - 1. Calculate b(0).
-6
Suppose 5*b = 3*z + 1 + 3, z - 12 = -5*b. Let h(g) = g**3 - 2*g**2 + 3*g - 1. Determine h(b).
5
Suppose -3*r + 31 = -4*j, 2*r - 4*j + 3*j - 14 = 0. Let x(h) = h**3 - 6*h**2 + 4*h + 5. Give x(r).
0
Let j(q) = q**3 + q**2 - q. Let m(v) = -4*v - v**2 + 4 + 9*v + 3*v**2 + 2*v. Let a be m(-4). Suppose 5*n - a + 3 = 0. Determine j(n).
1
Let s(l) = -39*l**2 + 100*l**2 - 31*l**2 - 2*l - l**3 + 5 - 35*l**2. What is s(-4)?
-3
Let p(x) = 2*x + 7. Suppose 99*k - 653 = -158. Give p(k).
17
Let n(r) be the first derivative of -r**4/4 - 4*r**3/3 - 2*r**2 - r - 59. Calculate n(-3).
2
Let f = 85 - 83. Let p(z) = 7*z**2 + z - 5. Let h(x) = -x**2 + 1. Let a(o) = -5*h(o) - p(o). Calculate a(f).
-10
Let x(v) be the second derivative of -v**6/120 - 7*v**5/60 - v**4/6 - 3*v**2 + 8*v. Let f(l) be the first derivative of x(l). Calculate f(-6).
-12
Let n(y) = -y**2 + 5*y + 5. Suppose 20 = -15*f + 19*f - 2*x, 5*f + 5*x = 25. Give n(f).
5
Let n(g) = 4*g**3 + 12*g**2 + 7*g - 14. Let m(b) = -3*b**3 - 11*b**2 - 5*b + 13. Let w(c) = -3*m(c) - 2*n(c). Give w(-9).
-20
Let z(p) be the first derivative of 2*p**3 + 24*p**2 + 34 - p - 36*p**2 + 11*p**2. Calculate z(-1).
7
Let h(b) = -7*b**2 - 79*b - 16. Suppose 79 = -12*x - 53. Calculate h(x).
6
Let x(r) be the third derivative of -r**5/120 + 7*r**4/24 - 13*r**3/6 - 4*r**2. Let c(p) be the first derivative of x(p). Determine c(4).
3
Let u(y) = -y**3 - y**2 + 2*y + 4. Let p(w) = -w**2 + 6*w + 24. Suppose 44*t = 51*t - 63. Let a be p(t). Calculate u(a).
16
Let o(g) = -3*g + 8. Let z = 379 + -384. Give o(z).
23
Let d(b) = 23*b + 0 + 114*b**2 - 9*b - 113*b**2 + 1 + 8. Calculate d(-13).
-4
Let n(q) = q**2 - 10*q + 8. Let f be (-8)/(-6)*(2 - (-284)/8). Let o = f - 42. What is n(o)?
-8
Let w(v) = -v + 16. Let j(r) = 8. Let g(o) = -2*j(o) + w(o). Let x be (-3)/(-6) - 22/(-4). Determine g(x).
-6
Suppose 4 = -2*i + 10. Let m(t) = t**2 - 3*t. Let x be m(i). Let p(n) = -n**2 + 9. Calculate p(x).
9
Let k(f) be the first derivative of -f**2/2 - 2*f - 1. Suppose 184 = -12*g + 136. What is k(g)?
2
Let l(j) = j - 3. Suppose 12 + 3 = 3*t. Let m = t + -2. Suppose 7*r = m*r - 24. Give l(r).
-9
Let x(k) = 9 - 2 + 2*k + 10*k - 10*k. Suppose i - 1 = -2*d - 4, 0 = 5*i + 2*d + 23. Give x(i).
-3
Let q(k) = -k + 7. Let o be (-45)/(-12) + 15/(-20). Let a be q(o). Let t(z) = 2*z**2 - 6*z + 6. Give t(a).
14
Suppose 2*s + 8 = 4*s. Let k(t) = -6*t. Let d(j) = 5*j. Let q = 107 + -112. Let c(v) = q*d(v) - 4*k(v). What is c(s)?
-4
Let t(z) = 17*z**2 + 11*z - 21. Let d(h) = 48*h**2 + 33*h - 61. Let b(f) = -6*d(f) + 17*t(f). Calculate b(12).
21
Let q(o) be the third derivative of -o**4/24 + o**3/3 - 2*o**2. Let y(p) = 2*p**3 - 9*p**2 + 7*p + 9. Let m be y(3). Calculate q(m).
-1
Let x(t) = t**3 - 5*t**2 + 4*t + 3. Let f be x(4). Let r(p) = -p**3 + 4*p**2 - p - 1. Let d be r(f). Let w(m) = -m - d*m + m. Give w(-2).
10
Let y = -133 - -135. Let q(p) = -15*p + 4. What is q(y)?
-26
Suppose 4*q = 3*q + 3*w, -5*q + w + 42 = 0. Let l(d) = d**3 - 8*d**2 - 10*d + 6. Calculate l(q).
-3
Let f(t) = -5*t + 1. Suppose 0 = -0*q + q - 16. Let a = q - 12. Let y = a + -5. Calculate f(y).
6
Suppose -15 = 5*z - 35, 2*b + 3*z - 20 = 0. Suppose p + 3*k - 2 = 0, -b*k - 1 = -2*p + 3. Let g(c) = 4*c**p + c + 5*c - 5*c**3 - 4 + 4*c**3 - c. Calculate g(5).
-4
Suppose -3*m = -3*u - 9, 0*m - 4*u - 3 = 5*m. Let o(c) = 10*c**3 + 5*c**2 + c - 4. Let f(q) = q**2 - 1. Let x(d) = m*o(d) - 4*f(d). Determine x(-1).
-10
Suppose 0 = 4*r - 0*r + 4*j - 8, -4 = -4*j. Let c(f) = f + 1. Let p(u) = 5*u**2 + 2*u + 3. Let i(t) = r*p(t) - 2*c(t). What is i(-1)?
6
Suppose -2*i = -5*u - 0*i + 20, -4*i + 8 = 2*u. Let c(d) be the first derivative of d**2 + 4*d - 356. Give c(u).
12
Let z(a) = -7*a - 8. Let p be z(-4). Suppose -13*o + 17*o - p = 0. Let l(u) = o - u - 2*u - 1. What is l(5)?
-11
Let t = 35 - 33. Let f